{"id":2878,"date":"2022-09-22T17:03:07","date_gmt":"2022-09-22T14:03:07","guid":{"rendered":"https:\/\/dad.md\/dad-accountant\/?page_id=2878"},"modified":"2025-10-28T16:29:08","modified_gmt":"2025-10-28T13:29:08","slug":"pret-servicii-contabilitate-dad-accountant","status":"publish","type":"page","link":"https:\/\/dad.md\/dad-accountant\/pret-servicii-contabilitate-dad-accountant\/","title":{"rendered":"Pret servicii contabilitate DAD Accountant"},"content":{"rendered":"\n<p>Ne dorim s\u0103 construim o rela\u021bie s\u0103n\u0103toas\u0103 bazat\u0103 pe o colaborare de parteneriat. Astfel, este important ca noi ca parteneri s\u0103 cunoa\u0219tem c\u00e2t mai multe detalii despre aspectele cheie ale afacerii. Precum ar fi: <\/p>\n\n\n\n<ul class=\"wp-block-list\">\n<li>istoricul afacerii<\/li>\n\n\n\n<li>obiectivele strategice<\/li>\n\n\n\n<li>ni\u0219a \u00een care activeaz\u0103 compania<\/li>\n\n\n\n<li>dinamica de dezvoltare. <br><\/li>\n<\/ul>\n\n\n\n<p>Cunosc\u00e2nd aceste detalii, vom putea oferi o abordare individual\u0103, bazat\u0103 pe necesit\u0103\u021bile reale pe care le are afacerea ta. Astfel, serviciile de outsourcing vor fi maxim eficiente.<\/p>\n\n\n\n<ul class=\"wp-block-list\">\n<li><strong>Important!<\/strong><\/li>\n\n\n\n<li><strong>Prezint\u0103 compania ta companiei de contabilitate<\/strong>;<\/li>\n\n\n\n<li><strong>Descrie detaliat business procesele din cadrul companiei tale<\/strong>;<\/li>\n\n\n\n<li><strong>Delegheaz\u0103 persoane care vor duce comunicarea cu compania de contabilitate<\/strong>;<\/li>\n\n\n\n<li><strong>Identific\u0103 din timp toate aspectele care te-ar interesa s\u0103 le afli despre compania-partener<\/strong><\/li>\n\n\n\n<li><strong>Comunic\u0103 din start care sunt a\u0219tept\u0103rile tale de la aceast\u0103 externalizare<\/strong>;<\/li>\n\n\n\n<li><strong>Analizeaz\u0103 costul serviciilor \u0219i transparen\u021ba acestora<\/strong>.<\/li>\n<\/ul>\n\n\n\n<p>Comunic\u0103 deschis care sunt a\u0219tept\u0103rile de la serviciul de contabilitate. De exemplu: <br>poate ai nevoie doar de <strong>servicii de eviden\u021b\u0103 a documenta\u021biei primare<\/strong>, sau poate de <strong>atribu\u021bii ca \u0219i contabil \u0219ef<\/strong> (pentru a calcula salarii, a prezenta d\u0103rile de seam\u0103, a structura informa\u021bia \u00een programele contabile), sau poate numai de <strong>servicii de raportare c\u0103tre fondatori <\/strong>a unor indicatori financiari ai afacerii tale.<\/p>\n\n\n\n<p class=\"has-white-color has-text-color has-background has-link-color wp-elements-21d6b01c8a4acb894b60b5a8497ad553\" style=\"background-color:#002848\">Externalizarea nu ar trebui s\u0103 fie bazat\u0103 doar pe pre\u021b la aceste servicii de contabilitate. Ci trebuie s\u0103 reprezinte un instrument prin care compania ta ar economisi resurse prin timpul alocat \u0219i siguran\u021ba expertizei acestei echipe contabile. <br>Cel mai des pre\u021bul serviciilor de contabilitate externalizate nu va dep\u0103\u0219i costurile de \u00eentre\u021binere a unui departament intern de contabilitate. Transparen\u021ba costurilor se manifest\u0103 prin faptul c\u0103 vei cunoa\u0219te exact pentru ce se va aloca fiecare leu transferat.<\/p>\n\n\n\n<h2 class=\"wp-block-heading has-background\" style=\"background-color:#28d100\">Ob\u021bine Oferta, Completeaz\u0103 formularul<\/h2>\n\n\n<div class=\"wpforms-container wpforms-container-full wpforms-block wpforms-block-7d975e43-e6f5-47f1-a4b9-584f5348571a\" id=\"wpforms-2863\"><form id=\"wpforms-form-2863\" class=\"wpforms-validate wpforms-form wpforms-ajax-form\" data-formid=\"2863\" method=\"post\" enctype=\"multipart\/form-data\" action=\"\/dad-accountant\/wp-json\/wp\/v2\/pages\/2878\" data-token=\"b12dd20ce943fbf8db58f74b83daf14a\" data-token-time=\"1778670678\"><noscript class=\"wpforms-error-noscript\">Please enable JavaScript in your browser to complete this form.<\/noscript><div class=\"wpforms-field-container\"><div id=\"wpforms-2863-field_8-container\" class=\"wpforms-field wpforms-field-radio\" data-field-id=\"8\"><label class=\"wpforms-field-label\">Care este genul de activitate al afacerii tale? <span class=\"wpforms-required-label\">*<\/span><\/label><ul id=\"wpforms-2863-field_8\" class=\"wpforms-field-required\"><li class=\"choice-2 depth-1\"><input type=\"radio\" id=\"wpforms-2863-field_8_2\" name=\"wpforms[fields][8]\" value=\"Prestarea serviciilor\" required ><label class=\"wpforms-field-label-inline\" for=\"wpforms-2863-field_8_2\">Prestarea serviciilor<\/label><\/li><li class=\"choice-3 depth-1\"><input type=\"radio\" id=\"wpforms-2863-field_8_3\" name=\"wpforms[fields][8]\" value=\"Rezident Moldova IT Park\" required ><label class=\"wpforms-field-label-inline\" for=\"wpforms-2863-field_8_3\">Rezident Moldova IT Park<\/label><\/li><li class=\"choice-1 depth-1\"><input type=\"radio\" id=\"wpforms-2863-field_8_1\" name=\"wpforms[fields][8]\" value=\"Alimenta\u021bie Public\u0103 - HORECA\" required ><label class=\"wpforms-field-label-inline\" for=\"wpforms-2863-field_8_1\">Alimenta\u021bie Public\u0103 &#8211; HORECA<\/label><\/li><li class=\"choice-5 depth-1\"><input type=\"radio\" id=\"wpforms-2863-field_8_5\" name=\"wpforms[fields][8]\" value=\"Asigur\u0103ri, ceditare nebancar\u0103\" required ><label class=\"wpforms-field-label-inline\" for=\"wpforms-2863-field_8_5\">Asigur\u0103ri, ceditare nebancar\u0103<\/label><\/li><li class=\"choice-7 depth-1\"><input type=\"radio\" id=\"wpforms-2863-field_8_7\" name=\"wpforms[fields][8]\" value=\"Organiza\u021bie Necomercial\u0103\" required ><label class=\"wpforms-field-label-inline\" for=\"wpforms-2863-field_8_7\">Organiza\u021bie Necomercial\u0103<\/label><\/li><li class=\"choice-8 depth-1\"><input type=\"radio\" id=\"wpforms-2863-field_8_8\" name=\"wpforms[fields][8]\" value=\"Transport, logistic\u0103\" required ><label class=\"wpforms-field-label-inline\" for=\"wpforms-2863-field_8_8\">Transport, logistic\u0103<\/label><\/li><li class=\"choice-4 depth-1\"><input type=\"radio\" id=\"wpforms-2863-field_8_4\" name=\"wpforms[fields][8]\" value=\"Construc\u021bii\" required ><label class=\"wpforms-field-label-inline\" for=\"wpforms-2863-field_8_4\">Construc\u021bii<\/label><\/li><li class=\"choice-6 depth-1\"><input type=\"radio\" id=\"wpforms-2863-field_8_6\" name=\"wpforms[fields][8]\" value=\"Comer\u021b\" required ><label class=\"wpforms-field-label-inline\" for=\"wpforms-2863-field_8_6\">Comer\u021b<\/label><\/li><\/ul><\/div><div id=\"wpforms-2863-field_15-container\" class=\"wpforms-field wpforms-field-textarea\" data-field-id=\"15\"><label class=\"wpforms-field-label\" for=\"wpforms-2863-field_15\">O mic\u0103 descriere a procesului de activitate <span class=\"wpforms-required-label\">*<\/span><\/label><textarea id=\"wpforms-2863-field_15\" class=\"wpforms-field-medium wpforms-field-required\" name=\"wpforms[fields][15]\" placeholder=\"cine sunt clien\u021bii, sunt importuri de servicii sau m\u0103rfuri, este sau nu soft intern de gestiune, este persoan\u0103 care va fi de leg\u0103tura cu echipa din contabilitate\" required><\/textarea><\/div><div id=\"wpforms-2863-field_10-container\" class=\"wpforms-field wpforms-field-text\" data-field-id=\"10\"><label class=\"wpforms-field-label\" for=\"wpforms-2863-field_10\">Num\u0103rul de angaja\u021bi <span class=\"wpforms-required-label\">*<\/span><\/label><input type=\"text\" id=\"wpforms-2863-field_10\" class=\"wpforms-field-medium wpforms-field-required\" name=\"wpforms[fields][10]\" required><\/div><div id=\"wpforms-2863-field_12-container\" class=\"wpforms-field wpforms-field-text\" data-field-id=\"12\"><label class=\"wpforms-field-label\" for=\"wpforms-2863-field_12\">Num\u0103rul estimativ de opera\u021biuni lunare (facturi de procurare, declara\u021bii vamale, facturi de v\u00e2nzare\/invoice-uri) <span class=\"wpforms-required-label\">*<\/span><\/label><input type=\"text\" id=\"wpforms-2863-field_12\" class=\"wpforms-field-medium wpforms-field-required\" name=\"wpforms[fields][12]\" required><\/div><div id=\"wpforms-2863-field_14-container\" class=\"wpforms-field wpforms-field-radio\" data-field-id=\"14\"><label class=\"wpforms-field-label\">Pl\u0103titor TVA <span class=\"wpforms-required-label\">*<\/span><\/label><ul id=\"wpforms-2863-field_14\" class=\"wpforms-randomize wpforms-field-required\"><li class=\"choice-1 depth-1\"><input type=\"radio\" id=\"wpforms-2863-field_14_1\" name=\"wpforms[fields][14]\" value=\"Da\" required ><label class=\"wpforms-field-label-inline\" for=\"wpforms-2863-field_14_1\">Da<\/label><\/li><li class=\"choice-2 depth-1\"><input type=\"radio\" id=\"wpforms-2863-field_14_2\" name=\"wpforms[fields][14]\" value=\"Nu\" required ><label class=\"wpforms-field-label-inline\" for=\"wpforms-2863-field_14_2\">Nu<\/label><\/li><\/ul><\/div><div id=\"wpforms-2863-field_16-container\" class=\"wpforms-field wpforms-field-text\" data-field-id=\"16\"><label class=\"wpforms-field-label\" for=\"wpforms-2863-field_16\">Num\u0103rul de conturi bancare <span class=\"wpforms-required-label\">*<\/span><\/label><input type=\"text\" id=\"wpforms-2863-field_16\" class=\"wpforms-field-medium wpforms-field-required\" name=\"wpforms[fields][16]\" required><\/div><div id=\"wpforms-2863-field_17-container\" class=\"wpforms-field wpforms-field-text\" data-field-id=\"17\"><label class=\"wpforms-field-label\" for=\"wpforms-2863-field_17\">Num\u0103rul de \u00eemprumuturi bancare <span class=\"wpforms-required-label\">*<\/span><\/label><input type=\"text\" id=\"wpforms-2863-field_17\" class=\"wpforms-field-medium wpforms-field-required\" name=\"wpforms[fields][17]\" required><\/div><div id=\"wpforms-2863-field_18-container\" class=\"wpforms-field wpforms-field-text\" data-field-id=\"18\"><label class=\"wpforms-field-label\" for=\"wpforms-2863-field_18\">Num\u0103rul de aparate de c\u0103s\u0103 \u0219i control &#8211; MCC <span class=\"wpforms-required-label\">*<\/span><\/label><input type=\"text\" id=\"wpforms-2863-field_18\" class=\"wpforms-field-medium wpforms-field-required\" name=\"wpforms[fields][18]\" required><\/div><div id=\"wpforms-2863-field_21-container\" class=\"wpforms-field wpforms-field-radio\" data-field-id=\"21\"><label class=\"wpforms-field-label\">Apela\u021bi la servicii juridice? <span class=\"wpforms-required-label\">*<\/span><\/label><ul id=\"wpforms-2863-field_21\" class=\"wpforms-field-required\"><li class=\"choice-1 depth-1\"><input type=\"radio\" id=\"wpforms-2863-field_21_1\" name=\"wpforms[fields][21]\" value=\"Da\" required ><label class=\"wpforms-field-label-inline\" for=\"wpforms-2863-field_21_1\">Da<\/label><\/li><li class=\"choice-2 depth-1\"><input type=\"radio\" id=\"wpforms-2863-field_21_2\" name=\"wpforms[fields][21]\" value=\"Nu\" required ><label class=\"wpforms-field-label-inline\" for=\"wpforms-2863-field_21_2\">Nu<\/label><\/li><li class=\"choice-3 depth-1\"><input type=\"radio\" id=\"wpforms-2863-field_21_3\" name=\"wpforms[fields][21]\" value=\"angajat inhouse\" required ><label class=\"wpforms-field-label-inline\" for=\"wpforms-2863-field_21_3\">angajat inhouse<\/label><\/li><\/ul><\/div><div id=\"wpforms-2863-field_22-container\" class=\"wpforms-field wpforms-field-checkbox\" data-field-id=\"22\"><label class=\"wpforms-field-label\">Ce sarcini atribui c\u0103tre contabilitate <span class=\"wpforms-required-label\">*<\/span><\/label><ul id=\"wpforms-2863-field_22\" class=\"wpforms-field-required\"><li class=\"choice-1 depth-1\"><input type=\"checkbox\" id=\"wpforms-2863-field_22_1\" name=\"wpforms[fields][22][]\" value=\"Procesare facturi \u0219i efectuare pl\u0103\u021bi\" required ><label class=\"wpforms-field-label-inline\" for=\"wpforms-2863-field_22_1\">Procesare facturi \u0219i efectuare pl\u0103\u021bi<\/label><\/li><li class=\"choice-2 depth-1\"><input type=\"checkbox\" id=\"wpforms-2863-field_22_2\" name=\"wpforms[fields][22][]\" value=\"Calcularea salariilor \u0219i prezentarea declara\u021biilor\" required ><label class=\"wpforms-field-label-inline\" for=\"wpforms-2863-field_22_2\">Calcularea salariilor \u0219i prezentarea declara\u021biilor<\/label><\/li><li class=\"choice-3 depth-1\"><input type=\"checkbox\" id=\"wpforms-2863-field_22_3\" name=\"wpforms[fields][22][]\" value=\"Efectuarea documenta\u021biei de resurse umane\" required ><label class=\"wpforms-field-label-inline\" for=\"wpforms-2863-field_22_3\">Efectuarea documenta\u021biei de resurse umane<\/label><\/li><li class=\"choice-5 depth-1\"><input type=\"checkbox\" id=\"wpforms-2863-field_22_5\" name=\"wpforms[fields][22][]\" value=\"Discu\u021biile cu b\u0103ncile, serviciile de control din stat etc \" required ><label class=\"wpforms-field-label-inline\" for=\"wpforms-2863-field_22_5\">Discu\u021biile cu b\u0103ncile, serviciile de control din stat etc<\/label><\/li><li class=\"choice-6 depth-1\"><input type=\"checkbox\" id=\"wpforms-2863-field_22_6\" name=\"wpforms[fields][22][]\" value=\"Consulta\u021bii specifice din domeniul financiar-contabil\" required ><label class=\"wpforms-field-label-inline\" for=\"wpforms-2863-field_22_6\">Consulta\u021bii specifice din domeniul financiar-contabil<\/label><\/li><li class=\"choice-4 depth-1\"><input type=\"checkbox\" id=\"wpforms-2863-field_22_4\" name=\"wpforms[fields][22][]\" value=\"Toate enumerate\" required ><label class=\"wpforms-field-label-inline\" for=\"wpforms-2863-field_22_4\">Toate enumerate<\/label><\/li><\/ul><\/div><div id=\"wpforms-2863-field_11-container\" class=\"wpforms-field wpforms-field-text\" data-field-id=\"11\"><label class=\"wpforms-field-label\" for=\"wpforms-2863-field_11\">Denumirea companiei <span class=\"wpforms-required-label\">*<\/span><\/label><input type=\"text\" id=\"wpforms-2863-field_11\" class=\"wpforms-field-medium wpforms-field-required\" name=\"wpforms[fields][11]\" required><\/div><div id=\"wpforms-2863-field_0-container\" class=\"wpforms-field wpforms-field-name\" data-field-id=\"0\"><label class=\"wpforms-field-label\" for=\"wpforms-2863-field_0\">Nume Prenume <span class=\"wpforms-required-label\">*<\/span><\/label><input type=\"text\" id=\"wpforms-2863-field_0\" class=\"wpforms-field-medium wpforms-field-required\" name=\"wpforms[fields][0]\" required><\/div><div id=\"wpforms-2863-field_7-container\" class=\"wpforms-field wpforms-field-text\" data-field-id=\"7\"><label class=\"wpforms-field-label\" for=\"wpforms-2863-field_7\">Telefon <span class=\"wpforms-required-label\">*<\/span><\/label><input type=\"text\" id=\"wpforms-2863-field_7\" class=\"wpforms-field-medium wpforms-field-required\" name=\"wpforms[fields][7]\" value=\"+373\" required><\/div><div id=\"wpforms-2863-field_1-container\" class=\"wpforms-field wpforms-field-email\" data-field-id=\"1\"><label class=\"wpforms-field-label\" for=\"wpforms-2863-field_1\">Email <span class=\"wpforms-required-label\">*<\/span><\/label><input type=\"email\" id=\"wpforms-2863-field_1\" class=\"wpforms-field-medium wpforms-field-required\" name=\"wpforms[fields][1]\" spellcheck=\"false\" required><\/div><div id=\"wpforms-2863-field_3-container\" class=\"wpforms-field wpforms-field-select wpforms-field-select-style-classic\" data-field-id=\"3\"><label class=\"wpforms-field-label\" for=\"wpforms-2863-field_3\">De unde ai auzit de noi? <span class=\"wpforms-required-label\">*<\/span><\/label><select id=\"wpforms-2863-field_3\" class=\"wpforms-field-medium wpforms-field-required\" name=\"wpforms[fields][3]\" required=\"required\"><option value=\"Facebook\"  class=\"choice-1 depth-1\"  >Facebook<\/option><option value=\"Instagram\"  class=\"choice-2 depth-1\"  >Instagram<\/option><option value=\"E-mail\"  class=\"choice-3 depth-1\"  >E-mail<\/option><option value=\"Youtube\"  class=\"choice-5 depth-1\"  >Youtube<\/option><option value=\"Recomandare\"  class=\"choice-4 depth-1\"  >Recomandare<\/option><\/select><\/div><div id=\"wpforms-2863-field_5-container\" class=\"wpforms-field wpforms-field-checkbox\" data-field-id=\"5\"><label class=\"wpforms-field-label\">Consim\u021b\u0103m\u00e2nt \u00een scopuri de marketing <span class=\"wpforms-required-label\">*<\/span><\/label><ul id=\"wpforms-2863-field_5\" class=\"wpforms-field-required\"><li class=\"choice-1 depth-1\"><input type=\"checkbox\" id=\"wpforms-2863-field_5_1\" name=\"wpforms[fields][5][]\" value=\" [bifeaz\u0103]\" required ><label class=\"wpforms-field-label-inline\" for=\"wpforms-2863-field_5_1\">[bifeaz\u0103]<\/label><\/li><\/ul><\/div><\/div><!-- .wpforms-field-container --><div class=\"wpforms-submit-container\" ><input type=\"hidden\" name=\"wpforms[id]\" value=\"2863\"><input type=\"hidden\" name=\"page_title\" value=\"\"><input type=\"hidden\" name=\"page_url\" value=\"https:\/\/dad.md\/dad-accountant\/wp-json\/wp\/v2\/pages\/2878\"><input type=\"hidden\" name=\"url_referer\" value=\"\"><button type=\"submit\" name=\"wpforms[submit]\" id=\"wpforms-submit-2863\" class=\"wpforms-submit\" data-alt-text=\"Se trimite ...\" data-submit-text=\"Expediaz\u0103\" aria-live=\"assertive\" value=\"wpforms-submit\">Expediaz\u0103<\/button><img loading=\"lazy\" decoding=\"async\" src=\"https:\/\/dad.md\/dad-accountant\/wp-content\/plugins\/wpforms-lite\/assets\/images\/submit-spin.svg\" class=\"wpforms-submit-spinner\" style=\"display: none;\" width=\"26\" height=\"26\" alt=\"Loading\"><\/div><\/form><\/div>  <!-- .wpforms-container -->\n\n\n<p class=\"has-white-color has-text-color has-background\" style=\"background-color:#0d9c1e\">V\u0103 mul\u021bumim pentru \u00eencrederea acordat\u0103 prin solicitare de pret pentru servicii de contabilitate.<br><br>Revenim \u00een scurt timp cu mai multe informa\u021bii \u0219i cu estimarea ofertei de pret servicii de contabilitate.<br><\/p>\n","protected":false},"excerpt":{"rendered":"<p>Ne dorim s\u0103 construim o rela\u021bie s\u0103n\u0103toas\u0103 bazat\u0103 pe o colaborare de parteneriat. Astfel, este important ca noi ca parteneri&#8230;<\/p>\n","protected":false},"author":1,"featured_media":3466,"parent":0,"menu_order":0,"comment_status":"closed","ping_status":"closed","template":"pages\/default_with_builder.php","meta":{"footnotes":""},"class_list":["post-2878","page","type-page","status-publish","has-post-thumbnail","hentry"],"yoast_head":"<!-- This site is optimized with the Yoast SEO plugin v27.6 - https:\/\/yoast.com\/product\/yoast-seo-wordpress\/ -->\n<title>Pret servicii contabilitate DAD Accountant - Servicii de contabilitate<\/title>\n<meta name=\"description\" content=\"Completeaz\u0103 formularul. Ob\u021bine pret servicii contabilitate DAD Accountant. Consulta\u021bie gratuit\u0103. Apas\u0103 pe link ...\" \/>\n<meta name=\"robots\" content=\"index, follow, max-snippet:-1, max-image-preview:large, max-video-preview:-1\" \/>\n<link rel=\"canonical\" href=\"https:\/\/dad.md\/dad-accountant\/pret-servicii-contabilitate-dad-accountant\/\" \/>\n<meta property=\"og:locale\" content=\"ro_RO\" \/>\n<meta property=\"og:type\" content=\"article\" \/>\n<meta property=\"og:title\" content=\"Pret servicii contabilitate DAD Accountant - Servicii de contabilitate\" \/>\n<meta property=\"og:description\" content=\"Completeaz\u0103 formularul. Ob\u021bine pret servicii contabilitate DAD Accountant. Consulta\u021bie gratuit\u0103. Apas\u0103 pe link ...\" \/>\n<meta property=\"og:url\" content=\"https:\/\/dad.md\/dad-accountant\/pret-servicii-contabilitate-dad-accountant\/\" \/>\n<meta property=\"og:site_name\" content=\"Servicii de contabilitate\" \/>\n<meta property=\"article:publisher\" content=\"https:\/\/www.facebook.com\/dadaccountant\/\" \/>\n<meta property=\"article:modified_time\" content=\"2025-10-28T13:29:08+00:00\" \/>\n<meta property=\"og:image\" content=\"https:\/\/dad.md\/dad-accountant\/wp-content\/uploads\/sites\/3\/2023\/10\/Firma-IT-Site.jpg\" \/>\n\t<meta property=\"og:image:width\" content=\"1920\" \/>\n\t<meta property=\"og:image:height\" content=\"1080\" \/>\n\t<meta property=\"og:image:type\" content=\"image\/jpeg\" \/>\n<meta name=\"twitter:card\" content=\"summary_large_image\" \/>\n<meta name=\"twitter:label1\" content=\"Timp estimat pentru citire\" \/>\n\t<meta name=\"twitter:data1\" content=\"2 minute\" \/>\n<script type=\"application\/ld+json\" class=\"yoast-schema-graph\">{\"@context\":\"https:\\\/\\\/schema.org\",\"@graph\":[{\"@type\":\"WebPage\",\"@id\":\"https:\\\/\\\/dad.md\\\/dad-accountant\\\/pret-servicii-contabilitate-dad-accountant\\\/\",\"url\":\"https:\\\/\\\/dad.md\\\/dad-accountant\\\/pret-servicii-contabilitate-dad-accountant\\\/\",\"name\":\"Pret servicii contabilitate DAD Accountant - Servicii de contabilitate\",\"isPartOf\":{\"@id\":\"https:\\\/\\\/dad.md\\\/dad-accountant\\\/#website\"},\"primaryImageOfPage\":{\"@id\":\"https:\\\/\\\/dad.md\\\/dad-accountant\\\/pret-servicii-contabilitate-dad-accountant\\\/#primaryimage\"},\"image\":{\"@id\":\"https:\\\/\\\/dad.md\\\/dad-accountant\\\/pret-servicii-contabilitate-dad-accountant\\\/#primaryimage\"},\"thumbnailUrl\":\"https:\\\/\\\/dad.md\\\/dad-accountant\\\/wp-content\\\/uploads\\\/sites\\\/3\\\/2023\\\/10\\\/Firma-IT-Site.jpg\",\"datePublished\":\"2022-09-22T14:03:07+00:00\",\"dateModified\":\"2025-10-28T13:29:08+00:00\",\"description\":\"Completeaz\u0103 formularul. Ob\u021bine pret servicii contabilitate DAD Accountant. Consulta\u021bie gratuit\u0103. Apas\u0103 pe link ...\",\"breadcrumb\":{\"@id\":\"https:\\\/\\\/dad.md\\\/dad-accountant\\\/pret-servicii-contabilitate-dad-accountant\\\/#breadcrumb\"},\"inLanguage\":\"ro-RO\",\"potentialAction\":[{\"@type\":\"ReadAction\",\"target\":[\"https:\\\/\\\/dad.md\\\/dad-accountant\\\/pret-servicii-contabilitate-dad-accountant\\\/\"]}]},{\"@type\":\"ImageObject\",\"inLanguage\":\"ro-RO\",\"@id\":\"https:\\\/\\\/dad.md\\\/dad-accountant\\\/pret-servicii-contabilitate-dad-accountant\\\/#primaryimage\",\"url\":\"https:\\\/\\\/dad.md\\\/dad-accountant\\\/wp-content\\\/uploads\\\/sites\\\/3\\\/2023\\\/10\\\/Firma-IT-Site.jpg\",\"contentUrl\":\"https:\\\/\\\/dad.md\\\/dad-accountant\\\/wp-content\\\/uploads\\\/sites\\\/3\\\/2023\\\/10\\\/Firma-IT-Site.jpg\",\"width\":1920,\"height\":1080,\"caption\":\"firm\u0103 IT cover\"},{\"@type\":\"BreadcrumbList\",\"@id\":\"https:\\\/\\\/dad.md\\\/dad-accountant\\\/pret-servicii-contabilitate-dad-accountant\\\/#breadcrumb\",\"itemListElement\":[{\"@type\":\"ListItem\",\"position\":1,\"name\":\"Home\",\"item\":\"https:\\\/\\\/dad.md\\\/dad-accountant\\\/\"},{\"@type\":\"ListItem\",\"position\":2,\"name\":\"Pret servicii contabilitate DAD Accountant\"}]},{\"@type\":\"WebSite\",\"@id\":\"https:\\\/\\\/dad.md\\\/dad-accountant\\\/#website\",\"url\":\"https:\\\/\\\/dad.md\\\/dad-accountant\\\/\",\"name\":\"Servicii de contabilitate\",\"description\":\"DAD Accountant\",\"potentialAction\":[{\"@type\":\"SearchAction\",\"target\":{\"@type\":\"EntryPoint\",\"urlTemplate\":\"https:\\\/\\\/dad.md\\\/dad-accountant\\\/?s={search_term_string}\"},\"query-input\":{\"@type\":\"PropertyValueSpecification\",\"valueRequired\":true,\"valueName\":\"search_term_string\"}}],\"inLanguage\":\"ro-RO\"}]}<\/script>\n<!-- \/ Yoast SEO plugin. -->","yoast_head_json":{"title":"Pret servicii contabilitate DAD Accountant - Servicii de contabilitate","description":"Completeaz\u0103 formularul. Ob\u021bine pret servicii contabilitate DAD Accountant. Consulta\u021bie gratuit\u0103. Apas\u0103 pe link ...","robots":{"index":"index","follow":"follow","max-snippet":"max-snippet:-1","max-image-preview":"max-image-preview:large","max-video-preview":"max-video-preview:-1"},"canonical":"https:\/\/dad.md\/dad-accountant\/pret-servicii-contabilitate-dad-accountant\/","og_locale":"ro_RO","og_type":"article","og_title":"Pret servicii contabilitate DAD Accountant - Servicii de contabilitate","og_description":"Completeaz\u0103 formularul. Ob\u021bine pret servicii contabilitate DAD Accountant. Consulta\u021bie gratuit\u0103. Apas\u0103 pe link ...","og_url":"https:\/\/dad.md\/dad-accountant\/pret-servicii-contabilitate-dad-accountant\/","og_site_name":"Servicii de contabilitate","article_publisher":"https:\/\/www.facebook.com\/dadaccountant\/","article_modified_time":"2025-10-28T13:29:08+00:00","og_image":[{"width":1920,"height":1080,"url":"https:\/\/dad.md\/dad-accountant\/wp-content\/uploads\/sites\/3\/2023\/10\/Firma-IT-Site.jpg","type":"image\/jpeg"}],"twitter_card":"summary_large_image","twitter_misc":{"Timp estimat pentru citire":"2 minute"},"schema":{"@context":"https:\/\/schema.org","@graph":[{"@type":"WebPage","@id":"https:\/\/dad.md\/dad-accountant\/pret-servicii-contabilitate-dad-accountant\/","url":"https:\/\/dad.md\/dad-accountant\/pret-servicii-contabilitate-dad-accountant\/","name":"Pret servicii contabilitate DAD Accountant - Servicii de contabilitate","isPartOf":{"@id":"https:\/\/dad.md\/dad-accountant\/#website"},"primaryImageOfPage":{"@id":"https:\/\/dad.md\/dad-accountant\/pret-servicii-contabilitate-dad-accountant\/#primaryimage"},"image":{"@id":"https:\/\/dad.md\/dad-accountant\/pret-servicii-contabilitate-dad-accountant\/#primaryimage"},"thumbnailUrl":"https:\/\/dad.md\/dad-accountant\/wp-content\/uploads\/sites\/3\/2023\/10\/Firma-IT-Site.jpg","datePublished":"2022-09-22T14:03:07+00:00","dateModified":"2025-10-28T13:29:08+00:00","description":"Completeaz\u0103 formularul. Ob\u021bine pret servicii contabilitate DAD Accountant. Consulta\u021bie gratuit\u0103. Apas\u0103 pe link ...","breadcrumb":{"@id":"https:\/\/dad.md\/dad-accountant\/pret-servicii-contabilitate-dad-accountant\/#breadcrumb"},"inLanguage":"ro-RO","potentialAction":[{"@type":"ReadAction","target":["https:\/\/dad.md\/dad-accountant\/pret-servicii-contabilitate-dad-accountant\/"]}]},{"@type":"ImageObject","inLanguage":"ro-RO","@id":"https:\/\/dad.md\/dad-accountant\/pret-servicii-contabilitate-dad-accountant\/#primaryimage","url":"https:\/\/dad.md\/dad-accountant\/wp-content\/uploads\/sites\/3\/2023\/10\/Firma-IT-Site.jpg","contentUrl":"https:\/\/dad.md\/dad-accountant\/wp-content\/uploads\/sites\/3\/2023\/10\/Firma-IT-Site.jpg","width":1920,"height":1080,"caption":"firm\u0103 IT cover"},{"@type":"BreadcrumbList","@id":"https:\/\/dad.md\/dad-accountant\/pret-servicii-contabilitate-dad-accountant\/#breadcrumb","itemListElement":[{"@type":"ListItem","position":1,"name":"Home","item":"https:\/\/dad.md\/dad-accountant\/"},{"@type":"ListItem","position":2,"name":"Pret servicii contabilitate DAD Accountant"}]},{"@type":"WebSite","@id":"https:\/\/dad.md\/dad-accountant\/#website","url":"https:\/\/dad.md\/dad-accountant\/","name":"Servicii de contabilitate","description":"DAD Accountant","potentialAction":[{"@type":"SearchAction","target":{"@type":"EntryPoint","urlTemplate":"https:\/\/dad.md\/dad-accountant\/?s={search_term_string}"},"query-input":{"@type":"PropertyValueSpecification","valueRequired":true,"valueName":"search_term_string"}}],"inLanguage":"ro-RO"}]}},"_links":{"self":[{"href":"https:\/\/dad.md\/dad-accountant\/wp-json\/wp\/v2\/pages\/2878","targetHints":{"allow":["GET"]}}],"collection":[{"href":"https:\/\/dad.md\/dad-accountant\/wp-json\/wp\/v2\/pages"}],"about":[{"href":"https:\/\/dad.md\/dad-accountant\/wp-json\/wp\/v2\/types\/page"}],"author":[{"embeddable":true,"href":"https:\/\/dad.md\/dad-accountant\/wp-json\/wp\/v2\/users\/1"}],"replies":[{"embeddable":true,"href":"https:\/\/dad.md\/dad-accountant\/wp-json\/wp\/v2\/comments?post=2878"}],"version-history":[{"count":19,"href":"https:\/\/dad.md\/dad-accountant\/wp-json\/wp\/v2\/pages\/2878\/revisions"}],"predecessor-version":[{"id":4468,"href":"https:\/\/dad.md\/dad-accountant\/wp-json\/wp\/v2\/pages\/2878\/revisions\/4468"}],"wp:featuredmedia":[{"embeddable":true,"href":"https:\/\/dad.md\/dad-accountant\/wp-json\/wp\/v2\/media\/3466"}],"wp:attachment":[{"href":"https:\/\/dad.md\/dad-accountant\/wp-json\/wp\/v2\/media?parent=2878"}],"curies":[{"name":"wp","href":"https:\/\/api.w.org\/{rel}","templated":true}]}}